w) - 2*f(w). Calculate y(-2).
1
Let j(u) be the third derivative of -u**6/120 - u**5/15 + 7*u**4/24 + 5*u**3/6 - 51*u**2. What is j(-5)?
-5
Let u(k) = -k + 2. Let y be (-4)/(-4)*-1 - -3. Determine u(y).
0
Suppose 0*z + z + 5 = 0. Let n(r) be the second derivative of -7/2*r**2 + 1/12*r**4 + 0 + 1/2*r**3 + 2*r. Calculate n(z).
3
Let o = 3 - 2. Let s be ((-1 - 0) + -2)*-3. Let l(q) = -7*q**2 + 7*q**2 + q - s*q**2. Determine l(o).
-8
Let s(v) be the first derivative of v**2/2 - 7*v + 3. Let m = -24 + 30. Give s(m).
-1
Let d = 47 + -45. Let u(w) = -w**3 + w + 2. Give u(d).
-4
Let n(d) = -4*d**2 - d. Let x be n(-1). Let z = 4 + x. Let b(f) = f + f - 4*f - z. Calculate b(2).
-5
Let b(v) = v + 0 + 1 - v**2 + 0*v - 8*v**3. Suppose -2*u + 14 = -4*w, 4*w - 1 = -3*u + 10. Determine b(w).
7
Let d = -24 + 40. Let x(b) = -4 - 15*b + d*b + b**2 + 0*b**2. Calculate x(-3).
2
Let m = 0 + -10. Let o(h) = -h**2 - 9*h + 7. Let s be o(m). Let u(d) = -2*d - 2. Determine u(s).
4
Let g(l) = -5*l**3 + l**2 + l. Let q be g(-1). Let j = q + -2. Let b(h) = h - 4. Let z be b(j). Let s(a) = -3*a**3 + a. Calculate s(z).
2
Let k(i) = -2*i - 12. Suppose -j = 92 - 84. Determine k(j).
4
Let r(c) = -c**3 + 3*c + 2*c**3 - 6*c**2 + 2*c**2 - 6. Calculate r(4).
6
Let n(v) be the second derivative of v**3/6 + 3*v**2/2 - 2*v. Suppose -3*p - 2*w = -0 + 2, 5*p - 5*w = -45. What is n(p)?
-1
Suppose -12 = -4*u + 6*u. Let i = u + 7. Let x(b) = b + 1. Let o(k) = -3*k - 3. Let f(p) = -2*o(p) - 7*x(p). What is f(i)?
-2
Let w be 3*(4/3)/(-4). Let z be w - -3 - 9/9. Let y(d) = -3 + d - 2 + z. Determine y(3).
-1
Let t(k) = -k**2 - 10*k - 7. Suppose 4*p + 6 = -y, 4*y = 4*p - 18 - 26. Give t(y).
-7
Let x(t) = 5*t - 3. Let w(j) = 2*j - 1. Let m(k) = 7*w(k) - 3*x(k). Suppose 3*u - 10 - 2 = 0. Suppose -5*q + p + 16 = -7, 8 = -q - u*p. What is m(q)?
-2
Let f(g) = -2*g + 1. Let l = -61 + 57. What is f(l)?
9
Let h(a) = 3*a + 5. Let r = -5 + 13. Suppose -9*z - 3*d = -10*z, -5*z = 3*d - 18. Suppose -z*q = -5*q - r. What is h(q)?
-7
Let g(l) be the first derivative of -5/2*l**2 + 2 + l. Determine g(2).
-9
Let b(n) = n + 12. Let s be b(-12). Suppose m + 3 + 3 = s. Let o(c) be the first derivative of -c**3/3 - 4*c**2 - 8*c - 3. What is o(m)?
4
Let z be (7 + -4 + -4)*0. Let o(x) = x**2 + x + 16. What is o(z)?
16
Let p be 0/2 + (0 - 6). Let r(k) = 4*k. Let u(w) = w. Let l(a) = r(a) - 3*u(a). Determine l(p).
-6
Let i(f) be the second derivative of -f**5/20 + f**4/4 + f**3/2 - f**2/2 - 30*f. Calculate i(3).
8
Let s(x) = -x**3 + 7*x**2 - 7*x + 2. Suppose 0 = 3*n + c - 4*c - 6, 0 = 5*n + c - 34. Suppose 0 = -z - i - i + 14, z - 3*i = -n. Calculate s(z).
-4
Let g(w) = w**3 - 1. Let p(j) = 3*j**3 + 8*j**2 + j - 10. Let o(c) = 4*g(c) - p(c). Calculate o(8).
-2
Let d(h) = 6*h**2 - 7*h + 4*h**2 + h**3 - 5 - 4*h**2. What is d(-7)?
-5
Let h(s) = s**3 - 6*s**2 + 6*s - 3. Suppose 0*l + 4*l = -4*x + 8, 5*l - 5*x = 40. Calculate h(l).
2
Let b be (-2)/8 + (-2)/(-8). Let g(j) = -5*j + b*j + 2*j. Let f(n) = n + 8. Let y be f(-7). What is g(y)?
-3
Let j = 9 - 6. Suppose -2*u - 57 = 2*c + j, 3*c - 3*u + 102 = 0. Let y be 3/(-9) - c/6. Let n(k) = 3*k - 6. What is n(y)?
9
Let a(j) = j**2 + 5*j + 6. Let r be 8/20 + 22/(-5). Let x be a(r). Let m(b) = -b**2 - b + 0*b**2 + 2*b**x. What is m(0)?
0
Let w(y) = y - 11. Let i be (-3)/(-5) - (-4)/10. Let f(t) be the second derivative of -t**2/2 + 2*t. Let g(k) = i*w(k) - 4*f(k). Determine g(3).
-4
Let a(y) = 4 - 3 + 3 + y. Suppose -4*s + 30 = -s + 3*j, 25 = 5*j. Suppose 3*d - 14 = s*m + 10, -2*m + 4*d = 18. Give a(m).
1
Let d(a) = 6 + a + 0*a - 2. Let w(x) = 0*x - 1 + 2 - 4*x**2 + 0*x. Let n be w(-1). What is d(n)?
1
Let f(s) = 3*s + 9. Let w(o) = o + 0*o - 13 - 3*o + o. Let m be w(-7). Determine f(m).
-9
Let m(d) = 3*d**2 + d - 1. Let q be 9/(-2) - 6/12. Let v = q + 6. Give m(v).
3
Suppose -5*u - 8 = -4*o - 1, -5*u + 17 = 4*o. Suppose 5 = -4*f + 5*i, o*f - 2*i - 10 = -i. Let k(d) = -d**3 + 4*d**2 + 3*d + 5. Give k(f).
-5
Let w(u) = -4*u + 4*u**3 - 3*u**3 + 2*u**2 + 2*u + 0*u**2. Let b = 4 + -2. Let a be (-6)/(-4)*(b + -4). Give w(a).
-3
Let q = 6 - 3. Suppose 2*f - 4 = -2*n, 5*n + f - 1 = 5. Let x(a) = 6. Let j(y) = -y. Let r(m) = n*j(m) + x(m). Give r(q).
3
Suppose 0 = -w - 2*y + 7, 5*y - 28 = w - 0*w. Let k(u) = u**2 + 2*u + 1. Let o be k(w). Let r(a) = a**3 + 5*a + 0 + 0*a - 6*a**2 + 2. Give r(o).
-10
Let m(j) = -4*j + 8. Let z(a) = -1 + 1 + 5*a + 1 - 9. Let g(v) = -6*m(v) - 5*z(v). Let l(y) = y**2 + 3*y + 2. Let c be l(-2). Give g(c).
-8
Let m(n) = n**3 + 4*n**2 + 3*n + 1. Suppose -2*u = -u + 1, -43 = -2*g + 3*u. Suppose -3*q + g = 2*q. Suppose -18 + 2 = q*f. Calculate m(f).
-11
Let s(g) = -g + 9. Suppose -2*u = 4*n + 20, -5*u + 4*n = 7*n + 15. Calculate s(u).
9
Let b(v) = 5*v + 1. Suppose 0 = -s - 4*f - f - 20, -2*s - 16 = 4*f. Let o = 1 - s. Determine b(o).
6
Suppose -d = 5*l + 13, 0*d + 16 = -2*d - 5*l. Let g(a) = a. What is g(d)?
-3
Let f(k) = -k**3 - 5*k**2 - 3*k + 3. Let j(c) = 2*c**3 + 11*c**2 + 7*c - 6. Let i(a) = -13*f(a) - 6*j(a). Suppose -n - 3*m = m - 3, -n - 5*m = -3. What is i(n)?
6
Let o(v) = -v**3 + 3*v**2 - 2*v. Let a(p) = -p**2 + 5*p - 3. Let b be a(2). Determine o(b).
-6
Let t(z) be the third derivative of z**6/120 + z**5/30 - z**4/12 - z**3/6 - z**2. Suppose -4*o + 0*o - 34 = 3*d, -d + 2 = 0. Let y = o - -8. Give t(y).
3
Let c(b) be the second derivative of -b**6/720 - 7*b**5/120 - b**4/2 + 6*b. Let k(o) be the third derivative of c(o). What is k(-5)?
-2
Let u(y) = -2*y**2 - y + 1. Let t be u(-2). Let k(j) be the second derivative of 1/6*j**3 + 0 + 7/2*j**2 + 3*j. What is k(t)?
2
Let b(a) = -5*a**2 - a - 3. Let q(w) = 6*w**2 + w + 2. Let y(t) = 3*b(t) + 4*q(t). Determine y(1).
9
Let r(m) = -m**2 - m + 2. Let c = -4 + 1. Determine r(c).
-4
Let b be 1*-1*1 + 0. Let n be b/(2/8) - 0. Let m(r) = -3*r - 10*r**2 + 2 + 11*r**2 + 8*r. Give m(n).
-2
Suppose -6 = r - 8. Let g(m) be the third derivative of -1/24*m**4 + 1/3*m**3 - 2*m**r + 0 + 0*m. What is g(5)?
-3
Let y(r) = r**2 - r - 1. Let l(p) = 3*p**2 - 5*p. Let t(j) = -l(j) + 4*y(j). Give t(-3).
2
Let x be 0*(1 - 1 - -1). Let d(g) be the second derivative of g - 1/3*g**3 - 1/6*g**4 + 1/20*g**5 + x - 2*g**2. Calculate d(3).
-1
Let h(u) = 6*u**2 - u**2 + 0*u**3 - u**3 + 1. Let t = 9 - 6. Suppose t*v - 15 = -0. Determine h(v).
1
Let o(z) = -18 + 73 + 2*z - 27 - 24. What is o(3)?
10
Let l(j) = -j - 1. Let p(a) be the third derivative of -a**4/24 - 7*a**3/6 + 7*a**2. Let s be p(-3). What is l(s)?
3
Suppose -3*z + 1 + 8 = 0. Let g(m) = m**z + 0*m - 3*m**2 - 5*m - m - 4 + 8*m**2. Give g(-6).
-4
Let c(f) = 4*f + 2. Let t(p) = -8*p - 3. Let n(a) = 7*c(a) + 4*t(a). Determine n(4).
-14
Let s(v) = -v**3 - 19*v**2 - 18*v - 5. Let t be s(-18). Let y(u) = -u**3 + 3*u**2 + 5. Let w(n) = -n**3 - n**2. Let l(p) = -2*w(p) + y(p). Determine l(t).
5
Suppose 8*v = 3*v - 3*o + 13, -2*o = -3*v + 23. Let h(q) = q**2 - 6*q + 5. Calculate h(v).
0
Suppose 2*d - 4 = -0, -6 = -2*b - 3*d. Let t(g) = -1 + b + 3*g - 2*g + 0. What is t(5)?
4
Let m(l) = l**2 + 6*l + 3. Let j = -16 + 11. Determine m(j).
-2
Let k(z) = z**3 - 7*z**2 - 8*z - 1. Let y(w) = w**3 + 5*w**2 - w + 3. Let f be y(-5). Determine k(f).
-1
Let a(r) be the second derivative of r**7/2520 - r**6/360 - r**5/60 - r**4/4 + 4*r. Let n(q) be the third derivative of a(q). Calculate n(3).
1
Let y(i) be the first derivative of i**3/3 - 5*i**2/2 + 2*i + 66. Determine y(5).
2
Let u(y) be the third derivative of -3*y**2 + 0*y**4 + 1/360*y**6 + 0 - 1/120*y**5 + 0*y - 1/2*y**3. Let i(n) be the first derivative of u(n). Determine i(1).
0
Suppose 7*g + 4 = 8*g. Let o(h) = 3*h - 3 + g*h + 1 - 2*h. What is o(4)?
18
Let m(t) = -3*t - 3. Suppose -3*i - 16 = r, -5*i + 0*r - r - 30 = 0. Suppose -2*h - 30 = 2*u, 4*h + 10 = 4*u - 10. Let q = h - i. What is m(q)?
6
Let c(o) = -9*o**2 - 5*o + 9. Let h(t) = 4*t**2 + 2*t - 4. Let u(p) = 3*c(p) + 7*h(p). Give u(4).
11
Let h(o) = -35*o**2 + 2*o + 5. Let p(c) be the first derivative of 4*c**3 - c**2/2 - 2*c - 3. Let a(l) = -3*h(l) - 8*p(l). Calculate a(-1).
8
Let a(m) = 3*m - 30. Let w be a(10). Let b(i) = -i + 0*i + 0*i - 6. Calculate b(w).
-6
Let p(g) be the third derivative of -g**6/60 + g**5/30 + g**4/12 + g**3/6 + 5*g**2. Let r be p(-1). Let q(c) = -c**2 + 6*c -